*d + 15. Let y be t(-7). Suppose -560 = -6*q - y. List the prime factors of q.
71
Suppose -3*f + 822 = 3*f. Let h = -36 + f. What are the prime factors of h?
101
Suppose 15 = 5*j, -9*k + 14*k - 3769 = -3*j. List the prime factors of k.
2, 47
Let b be (-2)/10 + 9/(-5). Let c(h) = -h**3 - 2*h**2 + h + 3. Let x be c(b). What are the prime factors of 38*4/(x + 3)?
2, 19
Suppose 2*n - 567 - 335 = 0. Suppose -1431 = -5*r - n. List the prime factors of r.
2, 7
Suppose -4*y - 2911 = -9*y - 2*b, 4*b = -8. Suppose 2 = -n, -3*n - y = -5*t + n. List the prime factors of t.
5, 23
Suppose 58 - 66 = -4*h. List the prime factors of -83*((-2)/6)/(h/6).
83
Let v(g) = g**2 + 15*g + 4. Let t(y) = -2*y**3 + y**2 - 2*y + 1. Let w be t(2). List the prime factors of v(w).
2
Let p(j) = 3*j + 3. Let g be p(0). Suppose 3*d - 177 = -2*t - 0*t, g*t - 3*d - 273 = 0. List the prime factors of t.
2, 3, 5
Let k(c) = -c**2 - 7*c + 11. Let g be k(-8). Suppose g*v = u + 121, -3*u - 4 = -1. Suppose v = 3*r - 47. List the prime factors of r.
29
Suppose -4*f + 8815 = -5*x, 38*f = 34*f - x + 8845. What are the prime factors of f?
2, 5, 13, 17
Let w(m) = -19*m - m**2 + m - 8 - 2*m. List the prime factors of w(-15).
67
Suppose -15 = 2*k + 5*p, 4*k - 4*p - 10 - 2 = 0. Suppose -3*b + 2*g + 261 = k, -3*g + 600 = 5*b + 146. List the prime factors of b.
89
Suppose 12 = c - t - t, -3*t = -2*c + 20. Let u(m) be the first derivative of 2*m**3/3 + 2*m**2 + 2*m + 40. List the prime factors of u(c).
2, 5
Let v(s) be the second derivative of -s**6/360 - 13*s**5/120 - s**4/6 + 4*s. Let l(y) be the third derivative of v(y). List the prime factors of l(-11).
3
Suppose -554 = -q + 3*y, 3*y + 2726 = 5*q - y. What are the prime factors of q?
2, 271
Let d be (-11 + 9)/(1/(-2)). Suppose 0 = -d*f - 2*t - t + 490, 3*f + 4*t = 364. List the prime factors of f.
2, 31
Suppose 698 - 3392 = -2*i. What are the prime factors of i?
3, 449
Let u be -3 + 10 + (1 - 3). Suppose 45 = 3*y + 3*o, -u*o = -2*y - 1 + 31. List the prime factors of y.
3, 5
Let h(i) be the first derivative of -3*i**2/2 + 3*i - 1. Let l = -37 - -33. List the prime factors of h(l).
3, 5
Let a = 1196 - 645. What are the prime factors of a?
19, 29
Suppose 0 = 2*s - 2, -2*u - s + 245 = -570. What are the prime factors of u?
11, 37
What are the prime factors of 7768/28 + -1 - 15/35?
2, 3, 23
Let v = 12 - 10. Let j be 6/12 + 29/v. What are the prime factors of 4/6 - (-320)/j?
2, 11
Let l(r) = -r**3 + 3*r**2 + 11*r - 2. Suppose f - 21 = -16. Let x be l(f). Suppose 66 = -y + x*y - 5*m, 103 = 5*y + 3*m. List the prime factors of y.
23
Suppose 10*f + 230 = 15*f. Let d = f + -28. What are the prime factors of d?
2, 3
Let c = -43 + 37. What are the prime factors of (c/5)/(21/(-1400))?
2, 5
Suppose -9*g + 7*g + 10 = 0. Let l(x) = -2*x**2 - 3*x**2 + 5*x**2 - g - 15*x - x**2. List the prime factors of l(-13).
3, 7
Let b = 2 - -185. List the prime factors of b.
11, 17
Let q = 11266 + -7864. What are the prime factors of q?
2, 3, 7
Let s = 2 + -1. Let w(h) = 11*h**2 - h + 1. Let b be w(s). Suppose 2*d - b + 1 = 0. List the prime factors of d.
5
Suppose -3*z - 15 + 27 = 0. What are the prime factors of -1*(-134)/(0 - (-6 + z))?
67
Suppose -2*j - 21 = 4*i - 81, 3 = i. Suppose o - 7*o + j = 0. What are the prime factors of o?
2
Let y(x) = -3*x + 12. Let r(f) = -1. Let v(u) = 4*r(u) + y(u). List the prime factors of v(-4).
2, 5
Suppose -6*k + 5*k + 4*f + 1615 = 0, 6520 = 4*k - f. What are the prime factors of k?
7, 233
Let a be 2/(-4 - -3) - -4. List the prime factors of 1/(4/184*a).
23
Let q be ((-12)/7)/((-4)/70). Let s be 4/(-5)*q/(-12). Suppose 2 = s*f - 40. What are the prime factors of f?
3, 7
Suppose 600 + 1236 = r. List the prime factors of r.
2, 3, 17
Let a = 2006 - 1255. What are the prime factors of a?
751
Let n = -471 - -898. What are the prime factors of n?
7, 61
Suppose 0 = g + n - 1967, 3*n - 1653 - 316 = -g. List the prime factors of g.
2, 983
Suppose 3*p - 4 = 2. Suppose 5*y - 168 = p*l - 3*l, 2*y = 2*l + 60. What are the prime factors of y?
3, 11
Suppose -d + 3*o = 2*o + 11, 0 = -3*d - o - 45. Let b = d + 20. Let k(i) = i**3 - 5*i**2 + 2*i + 12. List the prime factors of k(b).
2, 3, 5
Let a(r) = 17*r**2 - 2*r + 1. Let m be a(1). Suppose m + 1 = c. What are the prime factors of c?
17
Let w = -10 + 14. Let s = -33 + 36. Suppose 4*g - v - 64 = 3*v, -s*v = -w*g + 62. List the prime factors of g.
2, 7
Suppose w = -3*z - 360 + 22, 468 = -4*z + 3*w. Let q = -69 - z. What are the prime factors of q?
3, 5
Suppose 167 = h + 3*v, -210 = -h - 2*v - 47. What are the prime factors of h?
5, 31
Let b = -9 + 9. Suppose b = 7*z - 2*z - 390. What are the prime factors of z?
2, 3, 13
Let n(z) = z**2 - 3*z - 4. Let a be n(4). Suppose -v + 1 + 94 = a. What are the prime factors of v?
5, 19
Let c(y) = 101*y**2 - y. Let f(x) = x + 4. Let o be f(-5). Let p be c(o). Suppose u + 4*u - p = 2*t, 2*u - t - 40 = 0. What are the prime factors of u?
2, 11
Let n(x) be the third derivative of 31*x**4/24 - 26*x**3/3 + 31*x**2. What are the prime factors of n(5)?
103
Let q(w) be the third derivative of w**6/120 - w**5/15 - 3*w**4/8 + 3*w**3/2 - 11*w**2. What are the prime factors of q(6)?
3
Suppose 16*z - 20*z - 244 = 0. Let l = 168 + z. What are the prime factors of l?
107
Suppose 15*k = 4*k + 1540. List the prime factors of 40/k - 398*2/(-7).
2, 3, 19
Let n(l) = -36*l + 64. What are the prime factors of n(-14)?
2, 71
Suppose 12*z = 1824 - 84. List the prime factors of z.
5, 29
Let m = 2379 + -1574. What are the prime factors of m?
5, 7, 23
Suppose 0 = 5*d + 2*s - 629, 0*d - d - 5*s = -112. Let h = d - 69. Suppose 2*m - h - 31 = -3*l, -90 = -3*l - 3*m. List the prime factors of l.
29
Suppose 0 = 43*d - 8*d - 44100. List the prime factors of d.
2, 3, 5, 7
Suppose -25 = -5*o + 5*c, -4 + 0 = 4*o + 4*c. Suppose 0 = o*d - 10. Suppose 3*z - d*f = 23, 6*f - 3*f + 38 = 4*z. List the prime factors of z.
11
Let w = 18 + -15. Suppose -2*a = 2*b - 8, 4*a + w*b - 6 = 6. Suppose t = 6 - a. List the prime factors of t.
2, 3
Let k(w) = w**2 - 14*w + 4. Let s be k(7). Let i = s + 94. List the prime factors of i.
7
Let o(i) = -i**2 + 10*i - 9. Let j be o(7). Suppose j = -0*p - 2*p. Let c(u) = u**3 + 8*u**2 + u - 6. List the prime factors of c(p).
2, 3, 5
Let f = 420 - 266. Suppose f = 7*l + 14. Let t = l - -16. What are the prime factors of t?
2, 3
Suppose -1 = k, -2*g - 2 = -3*k - 9. Suppose 5 = 4*z + p, -g*z + 5*p = -z + 25. Suppose 3*o - 5*r - 17 = -z*r, 0 = -2*o - 5*r + 3. List the prime factors of o.
2
Let i be 28/20 + 4*(-1)/10. What are the prime factors of -42 + 45 + 1*67*i?
2, 5, 7
Suppose -9*h = -6*h - 15. Suppose -h*v - 5*k = -5, 4*k + 12 = v + 3*v. List the prime factors of v.
2
Let j(u) = u**3 + 8*u**2 - 11*u - 10. Let f be j(-9). Suppose 3*r - f*r + 485 = 0. What are the prime factors of r?
97
Let k(v) = 2*v**2 + 13*v + 862. List the prime factors of k(0).
2, 431
Suppose -33*c + 1376 = -31*c. What are the prime factors of c?
2, 43
Suppose 2*x - 12 = -0*o - o, 12 = 3*x. Suppose -8*j + o*j = -256. What are the prime factors of j?
2
Suppose 140*d - 30 = 135*d. What are the prime factors of (-1538)/(-11) + d/33 - 2?
2, 3, 23
Let y = 79 - 77. Suppose 3*q - 2*k = 2*q - 1, 0 = 4*q - 4*k - 8. Suppose -q - 1 = -y*n. What are the prime factors of n?
3
Suppose -45*z + 49*z = -5*m + 7439, z = 1. List the prime factors of m.
1487
Let p(x) = 5 + x**2 + x - 2*x - 9. What are the prime factors of p(-2)?
2
Let x be 2 - 12/8 - 4/8. What are the prime factors of (-1 + x)*1 - -84?
83
Suppose 0*n + 3*g = -3*n + 24, -g + 11 = 2*n. Let y be (-4 - 75/(-9))*n. Let l = y + -7. What are the prime factors of l?
2, 3
Let h(v) = 35*v**2 - 1 - 36*v**2 + 3 + 21*v. Let j be (-1 - (-1068)/54) + (-2)/(-9). List the prime factors of h(j).
2, 5
Suppose -5*i - 36 = -4*r + 34, -4*i = -4*r + 56. Let t = i - -70. List the prime factors of t.
2, 7
Suppose 2 = -6*y + 26. Suppose -4*a - 778 = -5*r - a, -y*r + 624 = -2*a. What are the prime factors of r?
2, 79
Let d(f) = 3*f**2 - 21*f - 48. List the prime factors of d(16).
2, 3
Let g = -224 - -351. List the prime factors of g.
127
Let z = 16 + 210. Let u = z + -107. Suppose -5*x - 19 = -u. What are the prime factors of x?
2, 5
Let o = 402 - -24. What are the prime factors of 